
-1062067 (base 8) to base 5
-33202144
Convert 23e76e (base 16) to base 8.
10763556
What is 2ebca4 (base 16) in base 10?
3062948
11023101 (base 4) to base 12
10329
185728 (base 9) to base 6
2251555
832180 (base 10) to base 8
3131264
What is -11809 (base 11) in base 6?
-210245
What is -46396 (base 10) in base 15?
-db31
-1101010011011010111 (base 2) to base 5
-102422202
-2505363 (base 11) to base 10
-4355464
What is bb727c (base 14) in base 2?
11000010000010101001110
Convert -38a58a (base 11) to base 9.
-1135578
21223240 (base 5) to base 8
537154
Convert -11101000010000 (base 2) to base 4.
-3220100
120012020010101 (base 3) to base 4
132303103333
What is -10001010010001001001 (base 2) in base 9?
-1052782
-17c9b4 (base 13) to base 14
-11855a
Convert 10111100100101000 (base 2) to base 10.
96552
-11011110111001000 (base 2) to base 11
-78816
5837a (base 11) to base 2
10100100101001111
Convert 19947 (base 15) to base 2.
10100010010010100
-10110011000001110001 (base 2) to base 15
-e7417
What is 15333 (base 6) in base 13?
11a9
-1001111001000101111111 (base 2) to base 12
-a507bb
-11111010111100000000 (base 2) to base 15
-15482a
23377 (base 8) to base 11
7556
Convert -301321110 (base 4) to base 8.
-617124
-2514014 (base 7) to base 16
-4ee2d
648a72 (base 11) to base 10
1036807
787708 (base 9) to base 15
94a8e
Convert 94840 (base 13) to base 10.
267241
What is -3220233013 (base 5) in base 14?
-c9214b
-623781 (base 9) to base 4
-1122121003
Convert 420413223 (base 5) to base 15.
243428
Convert -677b9 (base 12) to base 13.
-4a874
4355610 (base 9) to base 4
20323100100
Convert 1234724 (base 8) to base 12.
146244
Convert -21100101220 (base 3) to base 7.
-1141452
Convert 23d22 (base 14) to base 4.
111121122
Convert -103948 (base 14) to base 11.
-3446a7
What is -c7a071 (base 14) in base 10?
-6750339
Convert 131132020 (base 4) to base 10.
120712
What is -203677 (base 11) in base 8?
-1176371
Convert 2545201 (base 7) to base 13.
b7715
What is -14704 (base 13) in base 11?
-26a53
What is 2551255 (base 6) in base 4?
201323303
Convert 100001011000101011101 (base 2) to base 7.
12204310
What is -10011010111000110010 (base 2) in base 10?
-634418
What is 10121011200 (base 3) in base 6?
1303543
Convert -4d0556 (base 16) to base 7.
-60622101
Convert 24e11d (base 15) to base 13.
49c0cc
What is -151220515 (base 6) in base 10?
-3144287
What is 11000010011000111110101 (base 2) in base 11?
3660790
-15512321 (base 6) to base 8
-2071731
What is 224530 (base 6) in base 9?
28310
What is -1321211300 (base 4) in base 12?
-200268
Convert 626552 (base 7) to base 12.
525a8
11110010011111100100 (base 2) to base 9
1773433
-56002071 (base 8) to base 16
-b80439
-1834666 (base 9) to base 14
-1ca398
-742044 (base 8) to base 15
-4d1ea
-10ddb0a (base 14) to base 6
-444522114
Convert 40257 (base 9) to base 7.
140065
31000123 (base 4) to base 14
155b5
-1559b (base 16) to base 13
-30a60
-120040013 (base 5) to base 13
-1630a3
Convert 10010011010011010 (base 2) to base 3.
10211110021
Convert 51441 (base 7) to base 15.
3ad3
c5853 (base 15) to base 10
626253
Convert -85586 (base 13) to base 12.
-b7178
-423340 (base 8) to base 11
-96a54
-156791 (base 15) to base 14
-1ccdc1
Convert 5d747 (base 14) to base 13.
8041a
What is -101110101000101110 (base 2) in base 3?
-100201000220
-3abdf (base 16) to base 6
-5053531
Convert -279549 (base 13) to base 14.
-1b1036
Convert -1011121010 (base 4) to base 8.
-1053104
Convert -b0055 (base 13) to base 11.
-1a5104
Convert 21120112022 (base 4) to base 16.
25858a
-8b5382 (base 13) to base 7
-40005442
Convert d5ac (base 15) to base 6.
545030
What is -24622334 (base 7) in base 13?
-5cb4b1
What is -2340122 (base 6) in base 8?
-356022
Convert 11012111210001 (base 3) to base 15.
2e1ed4
Convert -1189812 (base 10) to base 2.
-100100010011110110100
12222200010 (base 3) to base 2
11100110001100010
30302233130 (base 4) to base 6
155513432
What is -10111010000101100001011 (base 2) in base 4?
-113100230023
Convert 107558 (base 10) to base 5.
11420213
Convert -1022715 (base 8) to base 16.
-425cd
What is -44a3 (base 14) in base 13?
-5558
-630354 (base 10) to base 16
-99e52
4113ac (base 14) to base 12
899264
62212d (base 15) to base 5
2143231033
What is 4bdce (base 15) in base 6?
5111452
-3677746 (base 9) to base 10
-2000256
Convert -1111010001110100 (base 2) to base 4.
-33101310
Convert -421352532 (base 6) to base 10.
-7355432
-121220122030 (base 4) to base 16
-66868c
15461a (base 13) to base 8
1777223
Convert -534475 (base 8) to base 6.
-3454205
Convert 1022110 (base 7) to base 2.
11110000100111001
What is 110010110001110110 (base 2) in base 10?
207990
-24a786 (base 13) to base 11
-551255
What is -55904 (base 12) in base 5?
-12113440
54887 (base 11) to base 9
131155
Convert 11742632 (base 8) to base 4.
21330112122
What is 111100111011001110110 (base 2) in base 3?
10202102112222
-3320354 (base 6) to base 14
-44714
What is -10101000111001101100100 (base 2) in base 10?
-5534564
What is 191346 (base 11) in base 9?
488053
What is -25124420 (base 6) in base 7?
-6560412
-10120112022 (base 3) to base 14
-1b906
35026011 (base 7) to base 3
12202202102000
What is -11a62 (base 16) in base 2?
-10001101001100010
What is 15606664 (base 7) in base 10?
1515028
Convert 3113232332 (base 4) to base 11.
553995
What is 3301102 (base 4) in base 5?
443232
Convert 20002121221212 (base 3) to base 7.
36354104
What is -2112002 (base 7) in base 14?
-69002
What is -f317 (base 16) in base 14?
-18971
What is 21781642 (base 9) in base 3?
201212201201102
What is -10712000 (base 10) in base 6?
-1021332332
-13a741 (base 11) to base 14
-59c36
Convert a82337 (base 13) to base 11.
2255a65
Convert -1000000011110011100010 (base 2) to base 12.
-85a796
Convert 30312111011 (base 4) to base 9.
6303342
88a370 (base 14) to base 7
54265000
What is 34015330 (base 6) in base 7?
11513544
-222211221 (base 3) to base 12
-b3b1
Convert -42240003 (base 5) to base 7.
-2665464
Convert 3172770 (base 8) to base 12.
34b674
-21388111 (base 9) to base 14
-152d90d
1133461 (base 7) to base 16
22e4f
Convert 88568 (base 13) to base 9.
415728
Convert -13232301 (base 6) to base 2.
-1101011011001001101
Convert 8600 (base 11) to base 16.
2c6e
Convert 526066 (base 7) to base 6.
1541011
Convert -1012035 (base 8) to base 15.
-542e8
What is 17cb84 (base 15) in base 11?
720181
Convert -141422110 (base 5) to base 8.
-2627154
Convert -370b3 (base 15) to base 5.
-21110133
-50b009 (base 12) to base 3
-2101011202100
What is -223023400 (base 5) in base 7?
-11244633
What is -425c2 (base 13) in base 6?
-2321521
Convert 1175650 (base 8) to base 16.
4fba8
Convert -2030323310 (base 4) to base 12.
-23a098
-20875 (base 11) to base 13
-10a63
-792762 (base 11) to base 2
-100110100010001101111
1101000010101 (base 2) to base 9
10138
Convert 443420 (base 5) to base 3.
210020112
-63117 (base 11) to base 9
-150147
Convert 2020221121112 (base 3) to base 10.
1199651
Convert -46746 (base 11) to base 7.
-400432
101122021220 (base 3) to base 14
5647a
What is 5113453 (base 7) in base 2?
10010100100111001100
Convert 1442653 (base 7) to base 3.
100221011201
Convert -808498 (base 14) to base 3.
-22010202102022
What is -5122514 (base 8) in base 12?
-553010
Convert 1199761 (base 10) to base 4.
10210322101
Convert 48317 (base 11) to base 16.
10fd9
-1472731 (base 8) to base 16
-675d9
-55149 (base 12) to base 13
-3c2a6
-11c00 (base 16) to base 6
-1320332
Convert 3554545 (base 7) to base 15.
8d7c7
-220602250 (base 7) to base 11
-754a247
Convert 42443513 (base 6) to base 9.
2314830
Convert -4144197 (base 11) to base 12.
-2547182
What is -2002176 (base 8) in base 5?
-113303223
-47d5a2 (base 14) to base 5
-1112111002
121341412 (base 5) to base 6
20152115
Convert -603631 (base 11) to base 14.
-1b3c55
What is 1164563 (base 7) in base 9?
248428
What is -1945614 (base 13) in base 12?
-2940216
What is 1021103021 (base 4) in base 15?
5de58
What is 120000221220100 (base 3) in base 13?
186a008
11db44 (base 16) to base 2
100011101101101000100
Convert -52000142 (base 8) to base 4.
-222000001202
-b4923b (base 16) to base 4
-231021020323
8322b (base 14) to base 15
63961
Convert -9145 (base 13) to base 16.
-4e1f
What is -10011011111001100 (base 2) in base 16?
-137cc
13043314 (base 6) to base 11
270a50
What 